 -9 (base 11) to base 15.
-9
3 (base 13) to base 10
3
What is -10 (base 15) in base 2?
-1111
What is 28 (base 9) in base 4?
122
Convert 12 (base 12) to base 2.
1110
302 (base 10) to base 6
1222
c1 (base 14) to base 15
b4
What is -4 (base 11) in base 8?
-4
What is -1111110 (base 2) in base 4?
-1332
Convert -2 (base 6) to base 10.
-2
d (base 14) to base 5
23
Convert 7 (base 14) to base 3.
21
166 (base 8) to base 6
314
What is 50 (base 6) in base 14?
22
Convert 10 (base 10) to base 15.
a
Convert -c0 (base 14) to base 6.
-440
0 (base 5) to base 15
0
What is -3 (base 9) in base 2?
-11
What is -3 (base 7) in base 10?
-3
Convert -202 (base 8) to base 3.
-11211
What is -92 (base 12) in base 15?
-75
-11 (base 10) to base 15
-b
-2 (base 8) to base 4
-2
What is -4 (base 12) in base 4?
-10
Convert 3021 (base 4) to base 5.
1301
Convert -11 (base 8) to base 15.
-9
-1011 (base 2) to base 16
-b
-1 (base 3) to base 15
-1
Convert -6 (base 16) to base 7.
-6
Convert -10 (base 9) to base 8.
-11
-4 (base 12) to base 6
-4
What is -21 (base 3) in base 6?
-11
Convert -46 (base 10) to base 14.
-34
Convert -4 (base 11) to base 9.
-4
Convert 13 (base 8) to base 6.
15
Convert -4 (base 6) to base 8.
-4
12 (base 5) to base 6
11
Convert -3 (base 6) to base 3.
-10
Convert -11210 (base 3) to base 13.
-9c
-8 (base 12) to base 7
-11
Convert b (base 15) to base 7.
14
Convert -3 (base 10) to base 12.
-3
What is 9 (base 12) in base 14?
9
What is 7 (base 10) in base 4?
13
111 (base 5) to base 6
51
-7 (base 16) to base 14
-7
11002 (base 3) to base 10
110
Convert -213 (base 7) to base 11.
-99
What is -100011 (base 2) in base 7?
-50
14 (base 6) to base 15
a
What is 1 (base 4) in base 9?
1
What is 111 (base 6) in base 2?
101011
1 (base 5) to base 3
1
31 (base 15) to base 5
141
Convert 1 (base 13) to base 14.
1
What is 2 (base 11) in base 4?
2
2 (base 11) to base 5
2
Convert -111 (base 2) to base 9.
-7
What is -4 (base 12) in base 11?
-4
What is -10 (base 5) in base 10?
-5
Convert 4 (base 13) to base 14.
4
-1 (base 9) to base 7
-1
-100 (base 4) to base 9
-17
Convert -3 (base 10) to base 9.
-3
Convert -6 (base 16) to base 10.
-6
Convert 2122 (base 5) to base 12.
1bb
-11 (base 2) to base 4
-3
What is 23 (base 16) in base 10?
35
Convert 1 (base 11) to base 12.
1
What is -3 (base 5) in base 14?
-3
Convert 10 (base 3) to base 11.
3
What is 2 (base 14) in base 8?
2
Convert 11 (base 4) to base 5.
10
What is 9 (base 11) in base 3?
100
What is 0 (base 9) in base 16?
0
-3 (base 15) to base 10
-3
Convert -21 (base 7) to base 4.
-33
What is -231 (base 5) in base 12?
-56
Convert 37 (base 8) to base 6.
51
Convert 131 (base 5) to base 6.
105
What is -c (base 16) in base 15?
-c
Convert -21 (base 7) to base 13.
-12
What is 140 (base 15) in base 3?
101120
Convert -131 (base 10) to base 14.
-95
What is 140 (base 6) in base 2?
111100
What is -39 (base 12) in base 9?
-50
0 (base 6) to base 4
0
Convert 4 (base 6) to base 15.
4
What is b (base 12) in base 2?
1011
Convert -2 (base 11) to base 5.
-2
What is 3 (base 10) in base 8?
3
What is 55 (base 11) in base 5?
220
Convert 21 (base 8) to base 2.
10001
-115 (base 8) to base 13
-5c
Convert 1 (base 5) to base 11.
1
28 (base 16) to base 3
1111
What is -3 (base 10) in base 3?
-10
What is 3e (base 16) in base 13?
4a
Convert 163 (base 7) to base 5.
334
Convert -121 (base 4) to base 5.
-100
What is -1 (base 11) in base 5?
-1
Convert 2 (base 14) to base 7.
2
Convert 2 (base 13) to base 9.
2
What is 54 (base 8) in base 10?
44
What is -3 (base 8) in base 4?
-3
1 (base 15) to base 4
1
-33 (base 11) to base 13
-2a
11 (base 3) to base 10
4
What is -1 (base 7) in base 16?
-1
-102 (base 5) to base 12
-23
Convert 62 (base 11) to base 10.
68
Convert 1001 (base 2) to base 14.
9
What is -1 (base 3) in base 4?
-1
-25 (base 13) to base 7
-43
-115 (base 13) to base 11
-160
What is -102011 (base 3) in base 5?
-2201
What is -110 (base 2) in base 16?
-6
Convert 2 (base 3) to base 10.
2
2 (base 4) to base 6
2
-200 (base 4) to base 16
-20
What is 10 (base 5) in base 2?
101
Convert f (base 16) to base 14.
11
-1111 (base 4) to base 16
-55
Convert 1 (base 15) to base 4.
1
What is -22 (base 7) in base 13?
-13
1 (base 9) to base 11
1
7 (base 12) to base 10
7
Convert -2011 (base 3) to base 10.
-58
-1 (base 13) to base 5
-1
Convert 4 (base 16) to base 8.
4
What is 31 (base 8) in base 4?
121
Convert 0 (base 5) to base 12.
0
What is 4 (base 15) in base 14?
4
3 (base 16) to base 13
3
142 (base 5) to base 10
47
What is -113 (base 5) in base 14?
-25
5 (base 14) to base 5
10
0 (base 13) to base 15
0
-10 (base 4) to base 8
-4
-13f (base 16) to base 14
-18b
-3 (base 13) to base 3
-10
-28 (base 12) to base 9
-35
15 (base 10) to base 6
23
What is -342 (base 5) in base 3?
-10121
3d (base 16) to base 4
331
43 (base 11) to base 5
142
What is 2c (base 13) in base 14?
2a
Convert 2 (base 12) to base 3.
2
9 (base 14) to base 2
1001
What is 5 (base 14) in base 13?
5
20 (base 9) to base 13
15
What is a (base 12) in base 4?
22
7 (base 8) to base 11
7
Convert 3 (base 11) to base 4.
3
What is 1 (base 12) in base 9?
1
-25 (base 15) to base 14
-27
What is -111000 (base 2) in base 5?
-211
What is -75 (base 10) in base 3?
-2210
What is 37 (base 8) in base 6?
51
129 (base 13) to base 7
411
Convert 3 (base 9) to base 7.
3
54 (base 6) to base 9
37
Convert 3 (base 7) to base 14.
3
What is 57 (base 8) in base 13?
38
Convert 100112 (base 3) to base 11.
214
-44 (base 5) to base 16
-18
Convert -1 (base 11) to base 16.
-1
Convert 5 (base 16) to base 9.
5
What is -19 (base 11) in base 16?
-14
-39 (base 14) to base 13
-3c
Convert -c (base 13) to base 10.
-12
What is -54 (base 12) in base 8?
-100
Convert 0 (base 10) to base 4.
0
3 (base 8) to base 9
3
9 (base 11) to base 5
14
What is 33 (base 13) in base 8?
52
What is -3 (base 11) in base 3?
-10
Convert -1 (base 8) to base 10.
-1
What is 330 (base 7) in base 13?
cc
Convert 37 (base 14) to base 8.
61
11 (base 13) to base 9
15
What is -5 (base 9) in base 8?
-5
-100 (base 3) to base 16
-9
What is 3 (base 6) in base 7?
3
1d (base 16) to base 7
41
Convert -1 (base 2) to base 10.
-1
1 (base 6) to base 12
1
Convert 75 (base 10) to base 15.
50
Convert -a (base 11) to base 10.
-10
-7 (base 12) to base 9
-7
Convert 62 (base 8) to base 2.
110010
What is 113 (base 6) in base 10?
45
What is -77 (base 12) in base 2?
-1011011
-fc (base 16) to base 6
-1100
12 (base 13) to base 15
10
0 (base 15) to base 16
0
What is 3 (base 10) in base 8?
3
What is 122 (base 7) in base 10?
65
Convert 11 (base 3) to base 6.
4
What is 1d (base 14) in base 11?
25
What is -1 (base 14) in base 12?
-1
-10 (base 4) to base 7
-4
Convert 0 (base 2) to base 11.
0
What is 101 (base 3) in base 12?
a
Convert -20 (base 3) to base 14.
-6
-1 (base 16) to base 2
-1
What is 111 (base 13) in base 6?
503
What is -110011 (base 2) in base 11?
-47
Convert 1 (base 4) to base 12.
1
Convert 1 (base 10) to base 6.
1
Convert -17 (base 13) to base 9.
-22
-69 (base 14) to base 16
-5d
Convert -10 (base 6) to base 15.
-6
Convert -4 (base 8) to base 14.
-4
What is 1 (base 14) in base 12?
1
What is -15 (base 8) in base 6?
-21
-3 (base 15) to base 4
-3
-111 (base 3) to base 16
-d
Convert -2 (base 15) to base 6.
-2
What is -120 (base 6) in base 8?
-60
What is 232 (base 6) in base 8?
134
-1 (base 9) to base 3
-1
Convert 12 (base 8) to base 16.
a
-8 (base 15) to base 13
-8
Convert -1 (base 4) to base 5.
-1
Convert 27 (base 13) to base 3.
1020
Convert -1 (base 10) to base 15.
-1
What is 111 (base 3) in base 16?
d
Convert 0 (base 10) to base 13.
0
67 (base 13) to base 16
55
-105 (base 8) to base 3
-2120
22 (base 5) to base 6
20
Convert 2 (base 4) to base 5.
2
What is -1e (base 16) in base 14?
-22
What is -2 (base 15) in base 13?
-2
What is 89 (base 12) in base 6?
253
What is -3 (base 15) in base 9?
-3
-5 (base 6) to base 8
-5
Convert -100 (base 5) to base 14.
-1b
10 (base 3) to base 7
3
Convert -9 (base 11) to base 8.
-11
What is 12 (base 3) in base 2?
101
Convert 33 (base 7) to base 6.
40
Convert -10101101 (base 2) to base 9.
-212
What is -4 (base 14) in base 10?
-4
What is 26 (base 16) in base 6?
102
What is 4f (base 16) in base 12?
67
-3 (base 15) to base 10
-3
What is 2 (base 8) in base 16?
2
2 (base 5) to base 13
2
What is a (base 12) in base 1